 573680884 is divided by 6?
4
What is the remainder when 1405922 is divided by 702849?
224
Calculate the remainder when 5086791 is divided by 26.
21
What is the remainder when 144316912 is divided by 467045?
7
What is the remainder when 222014 is divided by 59?
56
Calculate the remainder when 7913616 is divided by 28364.
60
Calculate the remainder when 8816 is divided by 996.
848
What is the remainder when 5216291 is divided by 200626?
15
Calculate the remainder when 376129 is divided by 766.
23
What is the remainder when 68607972 is divided by 3275?
3272
What is the remainder when 16084 is divided by 7995?
94
What is the remainder when 96073 is divided by 89495?
6578
Calculate the remainder when 232608 is divided by 597.
375
What is the remainder when 872015713 is divided by 1804?
1801
Calculate the remainder when 428225 is divided by 32.
1
What is the remainder when 9351950 is divided by 88?
14
What is the remainder when 155211 is divided by 17198?
429
What is the remainder when 4794098 is divided by 244?
230
What is the remainder when 20201061 is divided by 2525132?
5
Calculate the remainder when 1207538 is divided by 109771.
57
Calculate the remainder when 2314382 is divided by 36162.
14
Calculate the remainder when 23335434 is divided by 502.
466
What is the remainder when 277561644 is divided by 47?
42
What is the remainder when 67003 is divided by 722?
579
Calculate the remainder when 2420041 is divided by 120.
1
Calculate the remainder when 705408947 is divided by 749.
747
Calculate the remainder when 135351 is divided by 33332.
2023
Calculate the remainder when 1034754 is divided by 73909.
28
Calculate the remainder when 629366 is divided by 47.
36
Calculate the remainder when 52854 is divided by 52738.
116
What is the remainder when 131434757 is divided by 11461?
9
Calculate the remainder when 870471 is divided by 22313.
264
What is the remainder when 47671 is divided by 82?
29
Calculate the remainder when 42397 is divided by 20999.
399
Calculate the remainder when 1585085 is divided by 347.
336
Calculate the remainder when 277361 is divided by 13831.
741
Calculate the remainder when 654970 is divided by 194.
26
Calculate the remainder when 18627103 is divided by 136.
135
What is the remainder when 14108 is divided by 8160?
5948
Calculate the remainder when 8207570 is divided by 47442.
104
What is the remainder when 2177772 is divided by 249?
18
What is the remainder when 143823 is divided by 12426?
7137
What is the remainder when 53983 is divided by 26737?
509
What is the remainder when 308330 is divided by 641?
9
Calculate the remainder when 18186 is divided by 103.
58
What is the remainder when 10755516 is divided by 760?
756
What is the remainder when 66056385 is divided by 1770?
1755
What is the remainder when 179504 is divided by 17950?
4
Calculate the remainder when 2619387 is divided by 147.
141
What is the remainder when 18281305 is divided by 188?
185
What is the remainder when 39414 is divided by 13060?
234
What is the remainder when 296327599 is divided by 5360?
5359
Calculate the remainder when 5358086 is divided by 477.
422
What is the remainder when 2611084 is divided by 1305541?
2
What is the remainder when 334683 is divided by 81?
72
Calculate the remainder when 2785734 is divided by 696300.
534
Calculate the remainder when 4567986 is divided by 65251.
416
Calculate the remainder when 1089591 is divided by 38913.
27
Calculate the remainder when 57229 is divided by 2600.
29
What is the remainder when 1187184 is divided by 308?
152
Calculate the remainder when 2245075 is divided by 1058.
1057
What is the remainder when 3046396 is divided by 20?
16
What is the remainder when 1354166 is divided by 236?
234
What is the remainder when 56637107 is divided by 3916?
3915
What is the remainder when 43522 is divided by 3346?
24
What is the remainder when 3872894 is divided by 297914?
12
What is the remainder when 6172959 is divided by 1028819?
45
Calculate the remainder when 844079 is divided by 93785.
14
What is the remainder when 610851 is divided by 43630?
31
Calculate the remainder when 32459676 is divided by 263.
216
Calculate the remainder when 857370 is divided by 39.
33
What is the remainder when 2680628 is divided by 536114?
58
What is the remainder when 299045984 is divided by 920?
904
What is the remainder when 124301 is divided by 242?
155
What is the remainder when 36690596 is divided by 4079?
4070
What is the remainder when 16650926 is divided by 2775153?
8
What is the remainder when 149841 is divided by 669?
654
Calculate the remainder when 573525 is divided by 154.
29
What is the remainder when 904188 is divided by 1079?
1065
Calculate the remainder when 5329837 is divided by 17.
14
What is the remainder when 145853 is divided by 146?
145
What is the remainder when 1947 is divided by 1581?
366
Calculate the remainder when 472863 is divided by 3665.
78
What is the remainder when 262215354 is divided by 3204?
3198
Calculate the remainder when 5456398 is divided by 165.
13
Calculate the remainder when 9429998 is divided by 942980.
198
Calculate the remainder when 3357490 is divided by 288.
274
Calculate the remainder when 36178732 is divided by 18089366.
0
Calculate the remainder when 203093 is divided by 146.
7
Calculate the remainder when 2687007 is divided by 677.
671
Calculate the remainder when 167834 is divided by 595.
44
What is the remainder when 91114419 is divided by 294?
291
Calculate the remainder when 1613879 is divided by 1741.
1713
What is the remainder when 99300 is divided by 3616?
1668
What is the remainder when 101423951 is divided by 50711961?
29
Calculate the remainder when 92826373 is divided by 25.
23
Calculate the remainder when 30615973 is divided by 11.
3
What is the remainder when 22191782 is divided by 261?
257
Calculate the remainder when 546797 is divided by 544668.
2129
What is the remainder when 1807185 is divided by 292?
289
What is the remainder when 671289 is divided by 5547?
102
What is the remainder when 26396 is divided by 2329?
777
What is the remainder when 124161981 is divided by 5184?
5181
What is the remainder when 115346848 is divided by 428?
420
What is the remainder when 195875 is divided by 424?
411
Calculate the remainder when 158720 is divided by 79318.
84
What is the remainder when 14635 is divided by 13289?
1346
Calculate the remainder when 339349639 is divided by 9380.
9379
Calculate the remainder when 46811567 is divided by 1493.
45
Calculate the remainder when 1412338 is divided by 3717.
3595
What is the remainder when 1333008 is divided by 24?
0
What is the remainder when 637577 is divided by 53131?
5
What is the remainder when 778049 is divided by 501?
497
What is the remainder when 1278046 is divided by 124?
102
Calculate the remainder when 17575925 is divided by 1098.
239
Calculate the remainder when 886211 is divided by 295390.
41
What is the remainder when 15067998 is divided by 500?
498
Calculate the remainder when 3127149 is divided by 3444.
3441
What is the remainder when 20220 is divided by 546?
18
What is the remainder when 4680684 is divided by 780080?
204
What is the remainder when 134876 is divided by 4210?
156
Calculate the remainder when 70567 is divided by 451.
211
Calculate the remainder when 121360 is divided by 758.
80
Calculate the remainder when 140475972 is divided by 61.
48
Calculate the remainder when 10572397 is divided by 415.
272
What is the remainder when 844576 is divided by 4615?
31
What is the remainder when 26451630 is divided by 1722?
1710
Calculate the remainder when 300827 is divided by 698.
687
What is the remainder when 33659 is divided by 763?
87
Calculate the remainder when 4630128 is divided by 1543372.
12
Calculate the remainder when 22123915 is divided by 72776.
11
Calculate the remainder when 2451605 is divided by 43010.
35
Calculate the remainder when 10762800 is divided by 3234.
48
Calculate the remainder when 837117 is divided by 1208.
1181
Calculate the remainder when 65208 is divided by 1267.
591
What is the remainder when 14473309 is divided by 4810?
19
What is the remainder when 390394 is divided by 129999?
397
What is the remainder when 1986201 is divided by 778?
745
What is the remainder when 905892567 is